{"id":15,"date":"2017-03-28T20:15:05","date_gmt":"2017-03-28T20:15:05","guid":{"rendered":"http:\/\/trialog4animals.eu\/?page_id=15"},"modified":"2017-03-28T20:44:32","modified_gmt":"2017-03-28T20:44:32","slug":"rechte-fuer-die-tiere-pflichten-fuer-die-menschen","status":"publish","type":"page","link":"http:\/\/trialog4animals.eu\/?page_id=15","title":{"rendered":"Rechte f\u00fcr die Tiere, Pflichten f\u00fcr die Menschen"},"content":{"rendered":"<p>Tiere haben Rechte. Menschen die Pflicht, diese zu sch\u00fctzen. Dies ist eine der Positionen des Vereins &#8222;Trialog 4 Animals&#8220; (TriAni e.V.).<\/p>\n<p>Es ist wichtig, darauf hinzuweisen, da\u00df dies\u00a0 keine Erfindung der letzten Jahrzehnte ist! \u00a0 Sogar der Veganismus, die Ablehnung der Ern\u00e4hrung mit Tierfleisch und Tierprodukten, geht auf Lehren zur\u00fcck, die viele Tausende Jahre alt sind.<\/p>\n<p>Kaum bekannt ist, da\u00df die beiden Sch\u00f6pfungsberichte in den F\u00fcnf B\u00fcchern Mose, die im Mittelpunkt der beiden monotheistischen Glaubenslehren Judentum und Christentum stehen, den Menschen dazu auffordern sich von Pflanzen, Kernen, Fr\u00fcchten und N\u00fcssen zu ern\u00e4hren. Die Tiere sind dem Menschen zur Seite gestellt, um die Erde zu besiedeln und von ihren Fr\u00fcchten zu leben.\u00a0 Verantwortung und der Erhalt der Vielfalt in der Pflanzen- und Tierwelt stehen im Mittelpunkt der\u00a0 Lehren und Weltbilder unserer Vorfahren.<\/p>\n<p>Die Geschichte der Zivilisationen zeigt. Die\u00a0 Lehren von der friedvollen Beziehung zwischen Mensch, Natur und Tierwelt, sind in den Hintergrund gedr\u00e4ngt worden: Einst wie jetzt bestimmen Unterwerfung,\u00a0 Ausbeutung und Herrschaft das Leben; Szenarien der Versklavung, die bei Mensch und Tiere in vielen Gestalten und Formen auftritt.<\/p>\n<p>Seit dem Beginn der Industrialisierung haben sich\u00a0 Erfolg und materieller Reichtum weltweit als h\u00f6chstes Gut durchgesetzt.<\/p>\n<p>Ethische Fragen erscheinen als\u00a0 Luxusgut.\u00a0 Akademisch &#8211; und bei politischen Sonntagsreden &#8211; hoch gesch\u00e4tzt, haben sie f\u00fcr das Verhalten im Alltag und in der Politik kaum Relevanz. Auch der Trend zur veganen Ern\u00e4hrung hat wenig daran ge\u00e4ndert.<\/p>\n<p>Die Herrschaft des Menschen \u00fcber die Erde, die Natur, die Pflanzen- und Tierwelt wird schon lange nicht mehr als &#8222;Gottes Auftrag&#8220; legitimiert. Heute erscheint sie als nicht mehr hinterfragte vermeintliche Notwendigkeit, um Profite und die Anh\u00e4ufung von materiellem Reichtum zu gew\u00e4hrleisten.<\/p>\n<p>Die Traditionen und Kulturen des Vegetarismus und Veganismus wurden verfolgt und vernichtet. Ihre Lehren verschwiegen und verdr\u00e4ngt. Oder ins Gegenteil verkehrt.<\/p>\n<p>Heute erscheint der Dialog zwischen den Kulturen und Religionen schwieriger denn je. Die idealistische Erwartung, da\u00df der von Vernunft und Mitgef\u00fchl geleitete Austausch von Gedanken und \u00dcberzeugungen einer gerechten Lebensweisen diene, und\u00a0 der Ausbeutung der Tiere ein Ende bereiten k\u00f6nne, ist einer Wirklichkeit gewichen, die von \u00dcberlebensk\u00e4mpfen und Machterhalt gepr\u00e4gt ist. Glaubenslehren geraten in den Strom des Fundamentalismus, der Dialoge, von &#8222;Trialogen&#8220; ganz zu schweigen, erschwert, wenn nicht unm\u00f6glich macht.<\/p>\n<p>In einer Zeit des religi\u00f6sen und politischen Fundamentalismus,\u00a0 in der die Macht des Staates sich mit den Machtforderungen der Religionsvertreter verbinden, in der Argumente mit ethnischen Abstammungen und Glaubenspositionen begr\u00fcndet werden, ist es wichtiger denn je,\u00a0 an Tierrechten und Dialogen zwischen den V\u00f6lkern und Kulturen festzuhalten.<\/p>\n<p>&nbsp;<\/p>\n","protected":false},"excerpt":{"rendered":"<p>Tiere haben Rechte. Menschen die Pflicht, diese zu sch\u00fctzen. Dies ist eine der Positionen des Vereins &#8222;Trialog 4 Animals&#8220; (TriAni e.V.). Es ist wichtig, darauf hinzuweisen, da\u00df dies\u00a0 keine Erfindung der letzten Jahrzehnte ist! \u00a0 Sogar der Veganismus, die Ablehnung der Ern\u00e4hrung mit Tierfleisch und Tierprodukten, geht auf Lehren zur\u00fcck, die viele Tausende Jahre alt &hellip; <a href=\"http:\/\/trialog4animals.eu\/?page_id=15\" class=\"more-link\"><span class=\"screen-reader-text\">Rechte f\u00fcr die Tiere, Pflichten f\u00fcr die Menschen<\/span> weiterlesen<\/a><\/p>\n","protected":false},"author":1,"featured_media":0,"parent":0,"menu_order":0,"comment_status":"closed","ping_status":"closed","template":"","meta":{"footnotes":""},"aioseo_notices":[],"_links":{"self":[{"href":"http:\/\/trialog4animals.eu\/index.php?rest_route=\/wp\/v2\/pages\/15"}],"collection":[{"href":"http:\/\/trialog4animals.eu\/index.php?rest_route=\/wp\/v2\/pages"}],"about":[{"href":"http:\/\/trialog4animals.eu\/index.php?rest_route=\/wp\/v2\/types\/page"}],"author":[{"embeddable":true,"href":"http:\/\/trialog4animals.eu\/index.php?rest_route=\/wp\/v2\/users\/1"}],"replies":[{"embeddable":true,"href":"http:\/\/trialog4animals.eu\/index.php?rest_route=%2Fwp%2Fv2%2Fcomments&post=15"}],"version-history":[{"count":2,"href":"http:\/\/trialog4animals.eu\/index.php?rest_route=\/wp\/v2\/pages\/15\/revisions"}],"predecessor-version":[{"id":18,"href":"http:\/\/trialog4animals.eu\/index.php?rest_route=\/wp\/v2\/pages\/15\/revisions\/18"}],"wp:attachment":[{"href":"http:\/\/trialog4animals.eu\/index.php?rest_route=%2Fwp%2Fv2%2Fmedia&parent=15"}],"curies":[{"name":"wp","href":"https:\/\/api.w.org\/{rel}","templated":true}]}}